- 63. Calculate q(p).
14
Let j(y) be the second derivative of -5*y**3/6 - 4*y**2 + 325*y. What is j(-3)?
7
Suppose -2*m = -2*r + 6, -9*m + 12*m = 4*r - 7. Let z(w) = -5*w**2 - 17*w - 22. Calculate z(r).
-8
Suppose -14*i + 21 + 49 = 0. Suppose -3*k = -i*m - 22, 2*m - 4 = -3*k + k. Let f(q) = q**2 + 6*q + 5. Give f(m).
-3
Let b(a) = -a**2 - 13*a - 20. Let w be (-66)/(-24)*-1*4. Let o be b(w). Let k be ((-6)/o)/(-2 + 1 - 0). Let x(g) = g**3 - 3*g**2 + g + 1. Calculate x(k).
4
Let m(w) = -3*w**2 + 6*w - 3. Let u(z) = 4*z - 57. Let c be u(-6). Let i be (27/c)/((-2)/24). Give m(i).
-27
Let m(r) be the first derivative of -r**3/3 - 57*r**2/2 - 59*r + 125. Determine m(-1).
-3
Let y(t) = -t**2 - 71*t + 2534. Let p be y(-97). Let f(r) = -r**3 + 12*r**2 - 8*r + 6. Determine f(p).
-90
Let h(f) = 2*f**2 - 23*f + 9. Let s(i) = -i**2 - 12*i - 34. Let k be s(-7). Let y(v) = 33*v - 22. Let l be y(k). Determine h(l).
-2
Let o(u) = 2*u**2 - 25*u + 3. Suppose 36 = 4*w + 3*x, -1176*x + 1172*x = 2*w - 8. Give o(w).
-9
Let z(b) = -15 - 331*b - 103*b + 433*b. Give z(-12).
-3
Let g(u) = -14*u**2 + u + 2. Suppose -7*l = -530 + 537. Determine g(l).
-13
Let w(t) = 2*t**2 + 9*t + 17. Let s(q) = -5*q**2 - 22*q - 43. Let y(d) = -5*s(d) - 13*w(d). What is y(-4)?
6
Let a(c) be the first derivative of -c**4/2 - 7*c**3/3 - 3*c**2 - c + 6544. Calculate a(-4).
39
Let j(l) = -l**3 - 7*l**2 - l - 1. Suppose 11*h + 4*h = -105. Calculate j(h).
6
Let c be 0 + (2 - -1) + 21 + -22. Suppose 4*w + 6*i + 5 = i, 2*i + c = -w. Let u be w/(2*1/(-2)). Let o(d) = d**2 + d - 3. Calculate o(u).
-3
Suppose -12*v = 26*v - 5455926. Let o(l) = -v*l + 7 + 0*l**2 + l**2 + 143584*l. Suppose 5*n - n + 24 = 0. Give o(n).
1
Let d(h) be the second derivative of -h**5/20 - 19*h**4/12 + 11*h**3/3 + 43*h**2/2 + 1542*h. Determine d(-20).
3
Let j(x) = x**3 + 6*x**2 + x + 3. Suppose 5*t - d + 25 = 0, -2*t + 1 - 3 = -2*d. Let l be j(t). Let m(k) = -k**2 + k + 2. What is m(l)?
-10
Let a(w) be the first derivative of 47*w**2/2 + 372*w - 747. Determine a(-8).
-4
Let k be (-11 + 13)/(2/3). Suppose -3*q - 12 = -k*u, 0 = 3*q - 8*q + u - 8. Let r be 1 - (1 - (1 - q) - -4). Let d(x) = x**2 - 4*x - 3. Calculate d(r).
9
Suppose -3*a - 10*c + 15*c + 21 = 0, 5*a - c = 35. Let t(g) be the third derivative of 0*g - 1/4*g**4 + g**2 + 0 - 7/6*g**3 + 1/60*g**5. Determine t(a).
0
Let h = 835 + -828. Let x be 81/(-9) + 9 - h. Let y(c) = 2*c**2 + 11*c + 10. What is y(x)?
31
Let k = -2 + 1. Let b(u) = u**3 - 7*u**2 + 17*u - 17. Let l be b(4). Let x(o) = 31 + o - 43 + 12 - 6*o**l. Calculate x(k).
5
Let j(f) = -3*f + 47. Suppose 0 = -10*p - 14 + 140 + 24. Determine j(p).
2
Let i = 17184 + -17191. Let h(s) = 2*s**3 + 14*s**2 + s - 14. Calculate h(i).
-21
Let w = 14 + -4. Let j be (2 + 15/(-6))*w. Let n(r) = r**3 + 2 + 2*r + 1 - 9 + 13 + 5*r**2. Calculate n(j).
-3
Let i = 72 + -109. Let r = 39 + i. Suppose r*u = -3*u - 15. Let k(v) = v**3 + v**2 - 5*v - 2. Calculate k(u).
-5
Suppose -18 + 3 = 5*k. Let n be (2 - (1 + 2)) + k. Let x(r) = 6*r**2 + 597 - r**2 + r**3 - 597 + 2*r. What is x(n)?
8
Let n(h) = h**3 + 13*h**2 - h - 18. Suppose -37 = -2*w + 3*g - 78, -3*w - 54 = -3*g. What is n(w)?
-5
Let s = 4189 + -4184. Let i(k) = k**2 - 5*k - 5. Calculate i(s).
-5
Let p(z) = 33*z - 6. Let j(c) = 41*c - 8. Let y(q) = -4*j(q) + 5*p(q). Calculate y(5).
7
Let n(h) = -243*h + 2668. Let l be n(11). Let u(v) = 30*v + 186. Calculate u(l).
36
Let m(s) be the third derivative of -5*s**4/24 - s**3/3 - 178*s**2 + 2*s. Let n(u) = -5*u - 2. Let p = 3 + -8. Let k(f) = p*n(f) + 6*m(f). What is k(5)?
-27
Suppose -11*n = 3*b - 63, n - 4 = -37*b + 35*b. Let h(k) = 6*k**2 + k - 1. Determine h(b).
4
Let c(f) = -96*f + 44*f + 40 + f**2 + 8*f + 43*f. Suppose -5*n = s + 2 + 3, 2*s + 2*n + 2 = 0. Give c(s).
40
Let u(z) = z**3 + 4*z**2 - 2*z - 6. Let m be u(-4). Let f(c) = 0 + 0 + 8*c**m + c**3 - 4 - c. Suppose 42 = -5*l - x, 50 = -5*l + 2*x - 7*x. Calculate f(l).
4
Let z(u) = -5*u - 27. Let q(l) = -l**2 + 412*l - 2041. Let j be q(5). What is z(j)?
3
Let m = 144 - 137. Let t(b) = -6*b**2 + 7*b - 9*b - 3*b**2 + 4 + m*b**2. Give t(0).
4
Let k = -4210 + 4205. Let h(l) = -l**3 - 7*l**2 - 11*l - 8. Give h(k).
-3
Let p(m) = -22*m - 60*m + 2*m**2 + 50 + 61*m. Give p(3).
5
Let l be -1 + -4 + 1 + 1*221. Let s(c) = -224*c + 4 - 5 + l*c. Let o be (-3 - -1)/(1 + 1). What is s(o)?
6
Let c(o) = 6*o**3 - 5*o**2 + 5*o + 14. Let w(j) = -5*j**3 + 6*j**2 - 6*j - 10. Let l(f) = -4*c(f) - 5*w(f). What is l(10)?
94
Let l(s) = 11*s**3 + 95*s**2 + 6*s + 97. Let b(n) = 4*n**3 + 32*n**2 + 2*n + 28. Let j(t) = 8*b(t) - 3*l(t). Calculate j(-29).
-9
Let x(i) be the second derivative of -3*i**2 + 1/3*i**4 + 28*i + i**3 + 0 - 1/20*i**5. Give x(5).
-1
Let q = 434 - 432. Let v(f) = 2 - f + 38*f**2 + 4*f**2 - 37*f**q. Determine v(-2).
24
Let x(n) = -225*n**3 - 2 + 7*n**2 + 199*n**3 + 3*n - 3*n**2 - 5 - 17*n. Let z(f) = f**3 - f**2 + 2*f + 1. Let w(p) = x(p) + 6*z(p). Calculate w(-1).
19
Suppose -8*p - 6 = -11*p. Let s(m) = -7*m**p + 2*m - 12*m**3 + 13*m**3 - 3 + 4*m - m**2 + 10. Give s(7).
0
Let u(d) = 9*d**2 - 22*d - 27. Let b(y) = 22*y**2 - 53*y - 66. Let c(x) = 5*b(x) - 12*u(x). Let v = -4 - -4. Determine c(v).
-6
Let h(s) = 7*s**2 - 53*s - 22. Let o(b) = 4*b**2 - 27*b - 2. Let z(j) = 3*h(j) - 5*o(j). Determine z(26).
-4
Let f(b) = -b**3 - 13*b**2 + 5*b + 23. Let l(h) = 2*h**3 + 24*h**2 - 8*h - 44. Let k(p) = -5*f(p) - 3*l(p). Determine k(-7).
24
Let j be (2/(-8))/(((-6)/40)/(252/(-210))). Let f(h) = 4*h**2 - 5*h - 10. Calculate f(j).
16
Suppose 33*k - 8879 - 1021 = 0. Let h = -298 + k. Let d(x) = 5*x + 3 - 4*x + x**3 - 4*x. What is d(h)?
5
Let r(j) = -j**3 + 5*j**2 + j + 1. Let b(k) = 3*k**2 - 27*k - 134. Let v(t) = -t**2 + 9*t + 45. Let n(c) = -4*b(c) - 11*v(c). Let d be n(12). Give r(d).
6
Let y(w) = 3*w - 1. Let s(h) = -3*h - 27. Let o be s(-9). Suppose 145*n - 146*n - 3 = o. Let q be -3 + (-6)/(1 - 4) - n. Give y(q).
5
Let y(v) = -3*v. Let r(p) = -p. Let d(u) = -5*r(u) + 2*y(u). Let x = 190200 - 190188. Calculate d(x).
-12
Suppose -1 = 2*g - q, 3*g - 4*q = -q - 9. Let c(w) = 0 - 12*w + 2*w + g*w**2 + 2 + 1. What is c(4)?
-5
Suppose -40 + 765 = 19*m + 10*m. Let t(p) = p**3 - 27*p**2 + 51*p - 18. Give t(m).
7
Let b(s) = s + 1. Suppose 4*m + 3*a - 29 = 0, -3*m - a + 38 = -2*a. Suppose -4*f - 3*r = m, r - 4 = -1. Let n be -1*f*(-4)/(-4). Determine b(n).
6
Suppose 278*p = 279*p - 3. Let k(g) be the third derivative of g**4/6 + g**3/2 + 3*g**2. Calculate k(p).
15
Let d(l) = -l + 7. Let x = -1867 - -1866. Let h(t) be the third derivative of t**4/24 + t**3/3 - t**2. Let n(a) = x*d(a) + h(a). Determine n(-5).
-15
Let b = -2542 + 2520. Let u(x) = x**2 + 21*x + 5. Calculate u(b).
27
Suppose m - 3*q - 21 = 0, 0 = -3*m + 3*q - 474 + 519. Let o be (12/(-9))/(2/(-3)). Let u(r) = 1 - r**2 + 12*r - 1 - 3 + 0*r**o. Give u(m).
-3
Let s(n) be the first derivative of -n**3/3 + 4*n**2 + 14*n + 6005. Determine s(7).
21
Let j(q) = -49*q - 1 + 135*q - 90*q. Determine j(2).
-9
Let g(t) = -30*t**2 + 77*t**2 - 20*t**2 - 22*t**2 - 12*t - t**3 + 2*t**3 + 10. Calculate g(-7).
-4
Let i(y) = -12*y + 14. Let a(h) = h**3 - 91*h**2 + 174*h + 358. Let t be a(89). Determine i(t).
-10
Let n = 1378 + -1376. Let i(c) = -13*c**2 - 7*c**2 + c**3 + n - 8*c**2 + 25*c**2. Let g(q) = q**2 + 4*q - 2. Let s be g(-5). Determine i(s).
2
Let k(d) = 93*d - 37*d - 24*d - 36*d + 17. Determine k(6).
-7
Let t(y) be the first derivative of -y**3/3 + y**2 - 8. Let g be 18/3 + (-5)/25*-5. Suppose -8 = -15*i + g. Determine t(i).
1
Let m(l) be the first derivative of l**4/2 + 8*l**3 + 29*l**2/2 + 72*l + 8095. Determine m(-11).
-5
Let q be 2/4 - 13/(-2). Let j be (-16 + 16)*(-2 + (-2 - -5)). Let u(w) = -1 + 3*w - 5 + 3*w + w**3 + j*w - 8*w**2. What is u(q)?
-13
Suppose 15*f + 15 = 18*f. Let u(b) = -2*b**2 + 7*b - 8. Calculate u(f).
-23
Suppose 5*u - 15 = -5. Let f be (0 + u)*10/4. Let j(z) = 14*z**2 - 43*z + 20. Let b(v) = -5*v**2 + 15*v - 7. Let n(p) = -11*b(p) - 4*j(p). What is n(f)?
7
Let t(h) = h**2 + 3*h + 7. Let p(j) = 8*j**2 - 8*j + 55. Let u(l) = p(l) - 6*t(l). Calculate u(14).
41
Suppose r + 3*y = -12, -3*r + 5*y + 34 = -0*y. Let w be ((-27)/6)/(r*3/(-12)). Let d(m) = w*m + m**3 - 9*m**2 + 8 - 9*m**2 - m**2 + 11*m**2. Determine d(7).
1
Let k(f)